{"id":26963,"date":"2020-04-30T16:26:13","date_gmt":"2020-04-30T19:26:13","guid":{"rendered":"https:\/\/municipalidadpucon.cl\/?page_id=26963"},"modified":"2020-10-08T12:34:07","modified_gmt":"2020-10-08T15:34:07","slug":"faq-tesoreria-municipal","status":"publish","type":"page","link":"https:\/\/municipalidadpucon.cl\/?page_id=26963","title":{"rendered":"FAQ TESORERIA MUNICIPAL"},"content":{"rendered":"<div class=\"fusion-fullwidth fullwidth-box fusion-builder-row-1 nonhundred-percent-fullwidth non-hundred-percent-height-scrolling\" style=\"--awb-border-radius-top-left:0px;--awb-border-radius-top-right:0px;--awb-border-radius-bottom-right:0px;--awb-border-radius-bottom-left:0px;--awb-flex-wrap:wrap;\" ><div class=\"fusion-builder-row fusion-row\"><div class=\"fusion-layout-column fusion_builder_column fusion-builder-column-0 fusion_builder_column_1_1 1_1 fusion-one-full fusion-column-first fusion-column-last\" style=\"--awb-bg-size:cover;\"><div class=\"fusion-column-wrapper fusion-column-has-shadow fusion-flex-column-wrapper-legacy\"><div class=\"accordian fusion-accordian\" style=\"--awb-border-size:1px;--awb-icon-size:16px;--awb-content-font-size:16px;--awb-icon-alignment:left;--awb-hover-color:#ffffff;--awb-border-color:#e2e2e2;--awb-background-color:#ffffff;--awb-divider-color:#e2e2e2;--awb-divider-hover-color:#e2e2e2;--awb-icon-color:#ffffff;--awb-title-color:#212934;--awb-content-color:#4a4e57;--awb-icon-box-color:#212934;--awb-toggle-hover-accent-color:#1a80b6;--awb-title-font-family:&quot;Zilla Slab&quot;;--awb-title-font-weight:400;--awb-title-font-style:normal;--awb-content-font-family:&quot;Open Sans&quot;;--awb-content-font-style:normal;--awb-content-font-weight:400;\"><div class=\"panel-group fusion-toggle-icon-boxed\" id=\"accordion-26963-1\"><div class=\"fusion-panel panel-default panel-74563fc9b660d0100 fusion-toggle-no-divider fusion-toggle-boxed-mode\"><div class=\"panel-heading\"><h4 class=\"panel-title toggle\" id=\"toggle_74563fc9b660d0100\"><a aria-expanded=\"false\" aria-controls=\"74563fc9b660d0100\" role=\"button\" data-toggle=\"collapse\" data-parent=\"#accordion-26963-1\" data-target=\"#74563fc9b660d0100\" href=\"#74563fc9b660d0100\"><span class=\"fusion-toggle-icon-wrapper\" aria-hidden=\"true\"><i class=\"fa-fusion-box active-icon awb-icon-minus\" aria-hidden=\"true\"><\/i><i class=\"fa-fusion-box inactive-icon awb-icon-plus\" aria-hidden=\"true\"><\/i><\/span><span class=\"fusion-toggle-heading\">1.- \u00bfQu\u00e9, formas utiliza la Municipalidad de Puc\u00f3n para pagar los bienes y servicios a sus proveedores?<\/span><\/a><\/h4><\/div><div id=\"74563fc9b660d0100\" class=\"panel-collapse collapse \" aria-labelledby=\"toggle_74563fc9b660d0100\"><div class=\"panel-body toggle-content fusion-clearfix\">\n<p style=\"padding-left: 40px;\">El municipio a trav\u00e9s de la Tesorer\u00eda Municipal paga los compromisos con los proveedores generando cheques nominativos o realizando Transferencias Bancarias de acuerdo a los datos entregados por el proveedor.<\/p>\n<\/div><\/div><\/div><div class=\"fusion-panel panel-default panel-6fb9db3f5465944e1 fusion-toggle-no-divider fusion-toggle-boxed-mode\"><div class=\"panel-heading\"><h4 class=\"panel-title toggle\" id=\"toggle_6fb9db3f5465944e1\"><a aria-expanded=\"false\" aria-controls=\"6fb9db3f5465944e1\" role=\"button\" data-toggle=\"collapse\" data-parent=\"#accordion-26963-1\" data-target=\"#6fb9db3f5465944e1\" href=\"#6fb9db3f5465944e1\"><span class=\"fusion-toggle-icon-wrapper\" aria-hidden=\"true\"><i class=\"fa-fusion-box active-icon awb-icon-minus\" aria-hidden=\"true\"><\/i><i class=\"fa-fusion-box inactive-icon awb-icon-plus\" aria-hidden=\"true\"><\/i><\/span><span class=\"fusion-toggle-heading\">2.- \u00bfCu\u00e1les son los medios que tiene el municipio en la Tesoreria Municipal habilitados para la recepci\u00f3n de los diferentes ingresos por parte de los contribuyentes seg\u00fan Ordenanzas Municipales?<\/span><\/a><\/h4><\/div><div id=\"6fb9db3f5465944e1\" class=\"panel-collapse collapse \" aria-labelledby=\"toggle_6fb9db3f5465944e1\"><div class=\"panel-body toggle-content fusion-clearfix\">\n<p style=\"padding-left: 40px;\">El municipio a trav\u00e9s de la Tesorer\u00eda Municipal y sus cajas recaudadoras recibe el pago de los diferentes derechos con dinero efectivo, Tarjetas de d\u00e9bito y\/o cr\u00e9dito, cheque al d\u00eda.<\/p>\n<\/div><\/div><\/div><div class=\"fusion-panel panel-default panel-128d73c95c944cfc8 fusion-toggle-no-divider fusion-toggle-boxed-mode\"><div class=\"panel-heading\"><h4 class=\"panel-title toggle\" id=\"toggle_128d73c95c944cfc8\"><a aria-expanded=\"false\" aria-controls=\"128d73c95c944cfc8\" role=\"button\" data-toggle=\"collapse\" data-parent=\"#accordion-26963-1\" data-target=\"#128d73c95c944cfc8\" href=\"#128d73c95c944cfc8\"><span class=\"fusion-toggle-icon-wrapper\" aria-hidden=\"true\"><i class=\"fa-fusion-box active-icon awb-icon-minus\" aria-hidden=\"true\"><\/i><i class=\"fa-fusion-box inactive-icon awb-icon-plus\" aria-hidden=\"true\"><\/i><\/span><span class=\"fusion-toggle-heading\">3.- \u00bfSe puede pagar un derecho con cheque de otra persona que no sea el titular que figura en la Orden de ingreso Municipal?<\/span><\/a><\/h4><\/div><div id=\"128d73c95c944cfc8\" class=\"panel-collapse collapse \" aria-labelledby=\"toggle_128d73c95c944cfc8\"><div class=\"panel-body toggle-content fusion-clearfix\">\n<p style=\"padding-left: 40px;\">No, el municipio a trav\u00e9s de la Tesorer\u00eda Municipal No recibe cheques de Terceros para el pago de derechos municipales.<\/p>\n<\/div><\/div><\/div><div class=\"fusion-panel panel-default panel-f3946e943df7819fd fusion-toggle-no-divider fusion-toggle-boxed-mode\"><div class=\"panel-heading\"><h4 class=\"panel-title toggle\" id=\"toggle_f3946e943df7819fd\"><a aria-expanded=\"false\" aria-controls=\"f3946e943df7819fd\" role=\"button\" data-toggle=\"collapse\" data-parent=\"#accordion-26963-1\" data-target=\"#f3946e943df7819fd\" href=\"#f3946e943df7819fd\"><span class=\"fusion-toggle-icon-wrapper\" aria-hidden=\"true\"><i class=\"fa-fusion-box active-icon awb-icon-minus\" aria-hidden=\"true\"><\/i><i class=\"fa-fusion-box inactive-icon awb-icon-plus\" aria-hidden=\"true\"><\/i><\/span><span class=\"fusion-toggle-heading\">4.- \u00bfQui\u00e9n puede retirar cheques desde la Tesorer\u00eda Municipal por el pago de bienes y\/o servicios?<\/span><\/a><\/h4><\/div><div id=\"f3946e943df7819fd\" class=\"panel-collapse collapse \" aria-labelledby=\"toggle_f3946e943df7819fd\"><div class=\"panel-body toggle-content fusion-clearfix\">\n<p style=\"padding-left: 40px;\">El retiro de documentos (cheque) debe ser realizado por el contribuyente al cual le fue emitido el documento.<br \/>\nEn casos excepcionales se podr\u00eda entregar a un tercero siempre y cuando \u00e9ste cuente con un poder simple para el tr\u00e1mite y junto a ello presentar ambas c\u00e9dulas de identidad.<\/p>\n<\/div><\/div><\/div><div class=\"fusion-panel panel-default panel-360fbda34d5926115 fusion-toggle-no-divider fusion-toggle-boxed-mode\"><div class=\"panel-heading\"><h4 class=\"panel-title toggle\" id=\"toggle_360fbda34d5926115\"><a aria-expanded=\"false\" aria-controls=\"360fbda34d5926115\" role=\"button\" data-toggle=\"collapse\" data-parent=\"#accordion-26963-1\" data-target=\"#360fbda34d5926115\" href=\"#360fbda34d5926115\"><span class=\"fusion-toggle-icon-wrapper\" aria-hidden=\"true\"><i class=\"fa-fusion-box active-icon awb-icon-minus\" aria-hidden=\"true\"><\/i><i class=\"fa-fusion-box inactive-icon awb-icon-plus\" aria-hidden=\"true\"><\/i><\/span><span class=\"fusion-toggle-heading\">5.- \u00bfQu\u00e9 derechos se pueden pagar On-Line?<\/span><\/a><\/h4><\/div><div id=\"360fbda34d5926115\" class=\"panel-collapse collapse \" aria-labelledby=\"toggle_360fbda34d5926115\"><div class=\"panel-body toggle-content fusion-clearfix\">\n<p style=\"padding-left: 40px;\">El municipio tiene implementado para el pago On-line los Derechos de Aseo Domiciliario, Permisos de Circulaci\u00f3n y algunos certificados de la Direcci\u00f3n de Obras a trav\u00e9s de la Dom Digital.<\/p>\n<\/div><\/div><\/div><\/div><\/div><div class=\"fusion-clearfix\"><\/div><\/div><\/div><\/div><\/div>\n","protected":false},"excerpt":{"rendered":"","protected":false},"author":1,"featured_media":0,"parent":0,"menu_order":0,"comment_status":"closed","ping_status":"closed","template":"","meta":[],"_links":{"self":[{"href":"https:\/\/municipalidadpucon.cl\/index.php?rest_route=\/wp\/v2\/pages\/26963"}],"collection":[{"href":"https:\/\/municipalidadpucon.cl\/index.php?rest_route=\/wp\/v2\/pages"}],"about":[{"href":"https:\/\/municipalidadpucon.cl\/index.php?rest_route=\/wp\/v2\/types\/page"}],"author":[{"embeddable":true,"href":"https:\/\/municipalidadpucon.cl\/index.php?rest_route=\/wp\/v2\/users\/1"}],"replies":[{"embeddable":true,"href":"https:\/\/municipalidadpucon.cl\/index.php?rest_route=%2Fwp%2Fv2%2Fcomments&post=26963"}],"version-history":[{"count":3,"href":"https:\/\/municipalidadpucon.cl\/index.php?rest_route=\/wp\/v2\/pages\/26963\/revisions"}],"predecessor-version":[{"id":29934,"href":"https:\/\/municipalidadpucon.cl\/index.php?rest_route=\/wp\/v2\/pages\/26963\/revisions\/29934"}],"wp:attachment":[{"href":"https:\/\/municipalidadpucon.cl\/index.php?rest_route=%2Fwp%2Fv2%2Fmedia&parent=26963"}],"curies":[{"name":"wp","href":"https:\/\/api.w.org\/{rel}","templated":true}]}}