{"id":28800,"date":"2020-08-05T10:20:08","date_gmt":"2020-08-05T13:20:08","guid":{"rendered":"https:\/\/municipalidadpucon.cl\/?page_id=28800"},"modified":"2020-08-05T10:57:29","modified_gmt":"2020-08-05T13:57:29","slug":"salud-programa-de-salud-infantil","status":"publish","type":"page","link":"https:\/\/municipalidadpucon.cl\/?page_id=28800","title":{"rendered":"programa de salud infantil"},"content":{"rendered":"<div class=\"fusion-fullwidth fullwidth-box fusion-builder-row-1 fusion-flex-container nonhundred-percent-fullwidth non-hundred-percent-height-scrolling\" style=\"--awb-border-radius-top-left:0px;--awb-border-radius-top-right:0px;--awb-border-radius-bottom-right:0px;--awb-border-radius-bottom-left:0px;--awb-flex-wrap:wrap;\" ><div class=\"fusion-builder-row fusion-row fusion-flex-align-items-flex-start fusion-flex-content-wrap\" style=\"max-width:1352px;margin-left: calc(-4% \/ 2 );margin-right: calc(-4% \/ 2 );\"><div class=\"fusion-layout-column fusion_builder_column fusion-builder-column-0 fusion_builder_column_1_1 1_1 fusion-flex-column\" style=\"--awb-bg-size:cover;--awb-width-large:100%;--awb-margin-top-large:0px;--awb-spacing-right-large:1.92%;--awb-margin-bottom-large:20px;--awb-spacing-left-large:1.92%;--awb-width-medium:100%;--awb-order-medium:0;--awb-spacing-right-medium:1.92%;--awb-spacing-left-medium:1.92%;--awb-width-small:100%;--awb-order-small:0;--awb-spacing-right-small:1.92%;--awb-spacing-left-small:1.92%;\"><div class=\"fusion-column-wrapper fusion-column-has-shadow fusion-flex-justify-content-flex-start fusion-content-layout-column\"><div class=\"fusion-text fusion-text-1\"><h5><span style=\"color: #3366ff;\"><strong>1.- PROGRAMA DE SALUD INFANTIL<\/strong><\/span><\/h5>\n<p>Este programa est\u00e1 enfocado a los ni\u00f1os desde su nacimiento hasta los 9 a\u00f1os de edad.<\/p>\n<p>Entrega atenci\u00f3n y apoyo a su desarrollo integral, considerando sus relaciones y condiciones familiares.<\/p>\n<p>Este programa busca la armon\u00eda del ni\u00f1o o ni\u00f1a, mediante actividades de prevenci\u00f3n, promoci\u00f3n y recuperaci\u00f3n de la salud, que permitan la plena expresi\u00f3n de su potencial, un desarrollo normal y una mejor calidad de vida.<\/p>\n<p><strong>OBJETIVOS<\/strong><\/p>\n<ul>\n<li>Contribuir a mejorar la calidad de vida del ni\u00f1o.<\/li>\n<li>Identificar y disminuir el impacto que tienen sobre la salud del ni\u00f1o factores de riesgo biol\u00f3gicos, ambientales, psicol\u00f3gicos y sociales.<\/li>\n<\/ul>\n<p><strong>PRESTACIONES<\/strong><\/p>\n<ul>\n<li>Control de Salud Ni\u00f1o Sano<\/li>\n<li>Consulta de D\u00e9ficit Nutricional<\/li>\n<li>Consulta Nutricional<\/li>\n<li>Control de Lactancia Materna<\/li>\n<li>Consulta de Morbilidad<\/li>\n<li>Control de Cr\u00f3nicos<\/li>\n<li>Consulta Social<\/li>\n<li>Consulta por D\u00e9ficit del Desarrollo Psicomotor<\/li>\n<li>Visita Domiciliaria<\/li>\n<li>Control Odontol\u00f3gico<\/li>\n<li>Programas de Vacunas<\/li>\n<li>Programa de Alimentaci\u00f3n Complementaria<\/li>\n<li>Detecci\u00f3n Temprana y atenci\u00f3n de problemas de salud mental<\/li>\n<li>Promoci\u00f3n de h\u00e1bitos saludables a las madres, padres y\/o cuidadores de ni\u00f1os<\/li>\n<\/ul>\n<p><strong>\u00bfC\u00d3MO ACCEDER?<\/strong><\/p>\n<ul>\n<li>Solicita tu hora en mes\u00f3n de Some con enfermera de su respectivo sector<\/li>\n<li>En caso de consulta por lactancia materna acercarse a su matrona o bien solicitar hora en SOME por hora de cl\u00ednica de lactancia.<\/li>\n<li>Para acceder a las vacunas (ver calendario) acercarse a Vacunatorio.<\/li>\n<\/ul>\n<p><strong>Sala de estimulaci\u00f3n<\/strong><\/p>\n<p>La sala de estimulaci\u00f3n es un espacio al interior de los consultorios de la Red de Salud Municipal de Pucon en donde una Educadoras de P\u00e1rvulos y Enfermera trabajan con ni\u00f1os de 0 a 4 a\u00f1os estimul\u00e1ndolos en su desarrollo psicomotor.<\/p>\n<p>Tambi\u00e9n entrega a la familia conocimientos y habilidades para crianza en la que se favorece el desarrollo integral del ni\u00f1o o ni\u00f1a<br \/>\n<strong>\u00bfPara qui\u00e9n est\u00e1 dirigida la atenci\u00f3n en la Sala de Estimulaci\u00f3n?<\/strong><\/p>\n<ul>\n<li>Ni\u00f1os y Ni\u00f1as con retraso o riesgo en el desarrollo psicomotor<\/li>\n<li>Ni\u00f1os y ni\u00f1as con rezago en el desarrollo psicomotor.<\/li>\n<li>Ni\u00f1os o ni\u00f1as con alg\u00fan tipo de vulnerabilidad en su desarrollo biopsicosocial.<\/li>\n<\/ul>\n<p><strong>\u00bfC\u00f3mo ingresa un ni\u00f1o o ni\u00f1a a la Sala de Estimulaci\u00f3n?<\/strong><\/p>\n<p>La derivaci\u00f3n se hace a trav\u00e9s de la enfermera quien en el control de ni\u00f1o sano realiza una evaluaci\u00f3n de desarrollo psicomotor, la cual arroja un resultado indicando si el ni\u00f1o o ni\u00f1a debe enviarse a estimulaci\u00f3n espec\u00edfica.<\/p>\n<p>Una vez que el ni\u00f1o llega a la sala de estimulaci\u00f3n, la educadora realiza una entrevista al ni\u00f1o y a sus padres en donde informa de c\u00f3mo se realizar\u00e1n las sesiones programadas, seg\u00fan la necesidad del ni\u00f1o.<\/p>\n<p>Seg\u00fan el progreso que demuestre el ni\u00f1o o ni\u00f1a, podr\u00e1:<\/p>\n<ul>\n<li>Ser dado de alta y continuar con sus controles sanos habituales<\/li>\n<li>Ser derivado a fonoaudi\u00f3loga quien realiza la cantidad de sesiones necesarias para dar soluci\u00f3n al d\u00e9ficit.<\/li>\n<li>Si la fonoaudi\u00f3loga considera que el ni\u00f1o o ni\u00f1a no sale del d\u00e9ficit lo env\u00eda al m\u00e9dico quien emite una interconsulta para que sea visto por un neur\u00f3logo<\/li>\n<\/ul>\n<\/div><\/div><\/div><\/div><\/div>\n","protected":false},"excerpt":{"rendered":"","protected":false},"author":1,"featured_media":0,"parent":0,"menu_order":0,"comment_status":"closed","ping_status":"closed","template":"","meta":[],"_links":{"self":[{"href":"https:\/\/municipalidadpucon.cl\/index.php?rest_route=\/wp\/v2\/pages\/28800"}],"collection":[{"href":"https:\/\/municipalidadpucon.cl\/index.php?rest_route=\/wp\/v2\/pages"}],"about":[{"href":"https:\/\/municipalidadpucon.cl\/index.php?rest_route=\/wp\/v2\/types\/page"}],"author":[{"embeddable":true,"href":"https:\/\/municipalidadpucon.cl\/index.php?rest_route=\/wp\/v2\/users\/1"}],"replies":[{"embeddable":true,"href":"https:\/\/municipalidadpucon.cl\/index.php?rest_route=%2Fwp%2Fv2%2Fcomments&post=28800"}],"version-history":[{"count":6,"href":"https:\/\/municipalidadpucon.cl\/index.php?rest_route=\/wp\/v2\/pages\/28800\/revisions"}],"predecessor-version":[{"id":28816,"href":"https:\/\/municipalidadpucon.cl\/index.php?rest_route=\/wp\/v2\/pages\/28800\/revisions\/28816"}],"wp:attachment":[{"href":"https:\/\/municipalidadpucon.cl\/index.php?rest_route=%2Fwp%2Fv2%2Fmedia&parent=28800"}],"curies":[{"name":"wp","href":"https:\/\/api.w.org\/{rel}","templated":true}]}}

<div class="fusion-fullwidth fullwidth-box fusion-builder-row-1 fusion-flex-container nonhundred-percent-fullwidth non-hundred-percent-height-scrolling" style="--awb-border-radius-top-left:0px;--awb-border-radius-top-right:0px;--awb-border-radius-bottom-right:0px;--awb-border-radius-bottom-left:0px;--awb-flex-wrap:wrap;" ><div class="fusion-builder-row fusion-row fusion-flex-align-items-flex-start fusion-flex-content-wrap" style="max-width:1352px;margin-left: calc(-4% / 2 );margin-right: calc(-4% / 2 );"><div class="fusion-layout-column fusion_builder_column fusion-builder-column-0 fusion_builder_column_1_1 1_1 fusion-flex-column" style="--awb-bg-size:cover;--awb-width-large:100%;--awb-margin-top-large:0px;--awb-spacing-right-large:1.92%;--awb-margin-bottom-large:20px;--awb-spacing-left-large:1.92%;--awb-width-medium:100%;--awb-order-medium:0;--awb-spacing-right-medium:1.92%;--awb-spacing-left-medium:1.92%;--awb-width-small:100%;--awb-order-small:0;--awb-spacing-right-small:1.92%;--awb-spacing-left-small:1.92%;"><div class="fusion-column-wrapper fusion-column-has-shadow fusion-flex-justify-content-flex-start fusion-content-layout-column"><div class="fusion-text fusion-text-1"><h5><span style="color: #3366ff;"><strong>1.- PROGRAMA DE SALUD INFANTIL</strong></span></h5>
<p>Este programa está enfocado a los niños desde su nacimiento hasta los 9 años de edad.</p>
<p>Entrega atención y apoyo a su desarrollo integral, considerando sus relaciones y condiciones familiares.</p>
<p>Este programa busca la armonía del niño o niña, mediante actividades de prevención, promoción y recuperación de la salud, que permitan la plena expresión de su potencial, un desarrollo normal y una mejor calidad de vida.</p>
<p><strong>OBJETIVOS</strong></p>
<ul>
<li>Contribuir a mejorar la calidad de vida del niño.</li>
<li>Identificar y disminuir el impacto que tienen sobre la salud del niño factores de riesgo biológicos, ambientales, psicológicos y sociales.</li>
</ul>
<p><strong>PRESTACIONES</strong></p>
<ul>
<li>Control de Salud Niño Sano</li>
<li>Consulta de Déficit Nutricional</li>
<li>Consulta Nutricional</li>
<li>Control de Lactancia Materna</li>
<li>Consulta de Morbilidad</li>
<li>Control de Crónicos</li>
<li>Consulta Social</li>
<li>Consulta por Déficit del Desarrollo Psicomotor</li>
<li>Visita Domiciliaria</li>
<li>Control Odontológico</li>
<li>Programas de Vacunas</li>
<li>Programa de Alimentación Complementaria</li>
<li>Detección Temprana y atención de problemas de salud mental</li>
<li>Promoción de hábitos saludables a las madres, padres y/o cuidadores de niños</li>
</ul>
<p><strong>¿CÓMO ACCEDER?</strong></p>
<ul>
<li>Solicita tu hora en mesón de Some con enfermera de su respectivo sector</li>
<li>En caso de consulta por lactancia materna acercarse a su matrona o bien solicitar hora en SOME por hora de clínica de lactancia.</li>
<li>Para acceder a las vacunas (ver calendario) acercarse a Vacunatorio.</li>
</ul>
<p><strong>Sala de estimulación</strong></p>
<p>La sala de estimulación es un espacio al interior de los consultorios de la Red de Salud Municipal de Pucon en donde una Educadoras de Párvulos y Enfermera trabajan con niños de 0 a 4 años estimulándolos en su desarrollo psicomotor.</p>
<p>También entrega a la familia conocimientos y habilidades para crianza en la que se favorece el desarrollo integral del niño o niña<br />
<strong>¿Para quién está dirigida la atención en la Sala de Estimulación?</strong></p>
<ul>
<li>Niños y Niñas con retraso o riesgo en el desarrollo psicomotor</li>
<li>Niños y niñas con rezago en el desarrollo psicomotor.</li>
<li>Niños o niñas con algún tipo de vulnerabilidad en su desarrollo biopsicosocial.</li>
</ul>
<p><strong>¿Cómo ingresa un niño o niña a la Sala de Estimulación?</strong></p>
<p>La derivación se hace a través de la enfermera quien en el control de niño sano realiza una evaluación de desarrollo psicomotor, la cual arroja un resultado indicando si el niño o niña debe enviarse a estimulación específica.</p>
<p>Una vez que el niño llega a la sala de estimulación, la educadora realiza una entrevista al niño y a sus padres en donde informa de cómo se realizarán las sesiones programadas, según la necesidad del niño.</p>
<p>Según el progreso que demuestre el niño o niña, podrá:</p>
<ul>
<li>Ser dado de alta y continuar con sus controles sanos habituales</li>
<li>Ser derivado a fonoaudióloga quien realiza la cantidad de sesiones necesarias para dar solución al déficit.</li>
<li>Si la fonoaudióloga considera que el niño o niña no sale del déficit lo envía al médico quien emite una interconsulta para que sea visto por un neurólogo</li>
</ul>
</div></div></div></div></div>
