{"id":28826,"date":"2020-08-05T11:14:39","date_gmt":"2020-08-05T14:14:39","guid":{"rendered":"https:\/\/municipalidadpucon.cl\/?page_id=28826"},"modified":"2020-08-05T11:14:39","modified_gmt":"2020-08-05T14:14:39","slug":"programa-de-salud-del-adulto-mayor","status":"publish","type":"page","link":"https:\/\/municipalidadpucon.cl\/?page_id=28826","title":{"rendered":"Programa de Salud del Adulto Mayor"},"content":{"rendered":"<div class=\"fusion-fullwidth fullwidth-box fusion-builder-row-1 fusion-flex-container nonhundred-percent-fullwidth non-hundred-percent-height-scrolling\" style=\"--awb-border-radius-top-left:0px;--awb-border-radius-top-right:0px;--awb-border-radius-bottom-right:0px;--awb-border-radius-bottom-left:0px;--awb-flex-wrap:wrap;\" ><div class=\"fusion-builder-row fusion-row fusion-flex-align-items-flex-start fusion-flex-content-wrap\" style=\"max-width:1352px;margin-left: calc(-4% \/ 2 );margin-right: calc(-4% \/ 2 );\"><div class=\"fusion-layout-column fusion_builder_column fusion-builder-column-0 fusion_builder_column_1_1 1_1 fusion-flex-column\" style=\"--awb-bg-size:cover;--awb-width-large:100%;--awb-margin-top-large:0px;--awb-spacing-right-large:1.92%;--awb-margin-bottom-large:20px;--awb-spacing-left-large:1.92%;--awb-width-medium:100%;--awb-order-medium:0;--awb-spacing-right-medium:1.92%;--awb-spacing-left-medium:1.92%;--awb-width-small:100%;--awb-order-small:0;--awb-spacing-right-small:1.92%;--awb-spacing-left-small:1.92%;\"><div class=\"fusion-column-wrapper fusion-column-has-shadow fusion-flex-justify-content-flex-start fusion-content-layout-column\"><div class=\"fusion-text fusion-text-1\"><h5><span style=\"color: #3366ff;\">5.-\u00a0PROGRAMA DE SALUD DEL ADULTO MAYOR<\/span><\/h5>\n<p>Este programa est\u00e1 enfocado a todas las personas, hombres y mujeres, de 65 o m\u00e1s a\u00f1os de edad.<\/p>\n<p><strong>OBJETIVOS<\/strong><\/p>\n<ul>\n<li>Mejorar o recuperar la autonom\u00eda de los Adultos Mayores.<\/li>\n<li>En consideraci\u00f3n a la alta prevalencia de enfermedades cr\u00f3nicas o de secuelas, el prop\u00f3sito de los cuidados de salud es evitar que ellas se conviertan en factores limitantes en el desarrollo de las actividades de la vida cotidiana.<\/li>\n<li>Disminuir la mortalidad por causas prevenibles o evitables.<\/li>\n<li>Incentivar acciones en las \u00e1reas de promoci\u00f3n, prevenci\u00f3n y atenci\u00f3n curativa y rehabilitaci\u00f3n espec\u00edfica en la perspectiva de un envejecimiento activo.<\/li>\n<\/ul>\n<p><strong>PRESTACIONES<\/strong><\/p>\n<p><strong>Examen m\u00e9dico preventivo del adulto mayor<\/strong>\u00a0<strong>(EMPAM)<\/strong><\/p>\n<p>El indicador que mejor nos entrega una visi\u00f3n del estado de salud del adulto mayor es la funcionalidad. El Examen Anual de Medicina Preventiva del Adulto Mayor, hace de este indicador su nudo central. A trav\u00e9s de la medici\u00f3n de funcionalidad, se detectan los factores de riesgo, los que deben ser incorporados en el Plan de Salud, para actuar sobre ellos.<\/p>\n<p>Los objetivos del examen son:<\/p>\n<ul>\n<li>Evaluar la salud integral y la funcionalidad del adulto mayor<\/li>\n<li>Identificar y controlar los factores de riesgo de p\u00e9rdida de la funcionalidad<\/li>\n<li>Elaborar un plan de atenci\u00f3n y seguimiento, para ser ejecutado por el equipo de salud<\/li>\n<\/ul>\n<p><strong>Otras atenciones:<\/strong><\/p>\n<ul>\n<li>Control con enfermera<\/li>\n<li>Consulta nutricional<\/li>\n<li>Educaci\u00f3n grupal<\/li>\n<li>Visita domiciliaria: Se realiza en aquellos casos que un profesional de la salud lo considere oportuno por situaciones como, pacientes postrados y visitas de \u00edndole social, principalmente.<\/li>\n<li>Consulta Social<\/li>\n<li>Programa de Vacunaci\u00f3n Anti influenza.<\/li>\n<li>Programa de Alimentaci\u00f3n Complementaria para Adultos Mayores.<\/li>\n<li>Ayudas t\u00e9cnicas para mejorar su funcionalidad, como sillas de rueda, burritos, bastones, colchones y cojines antiescaras.<\/li>\n<\/ul>\n<p><strong>\u00bfC\u00d3MO ACCEDER?<\/strong><\/p>\n<p><strong>\u00a0<\/strong>Solicite su hora en mes\u00f3n para realizar examen m\u00e9dico preventivo del adulto mayor (EMPAM)<\/p>\n<p>En caso de requerir vacuna (anti influenza y neumoc\u00f3cica) acercarse a Vacunatorio.<\/p>\n<\/div><\/div><\/div><\/div><\/div>\n","protected":false},"excerpt":{"rendered":"","protected":false},"author":1,"featured_media":0,"parent":0,"menu_order":0,"comment_status":"closed","ping_status":"closed","template":"","meta":[],"_links":{"self":[{"href":"https:\/\/municipalidadpucon.cl\/index.php?rest_route=\/wp\/v2\/pages\/28826"}],"collection":[{"href":"https:\/\/municipalidadpucon.cl\/index.php?rest_route=\/wp\/v2\/pages"}],"about":[{"href":"https:\/\/municipalidadpucon.cl\/index.php?rest_route=\/wp\/v2\/types\/page"}],"author":[{"embeddable":true,"href":"https:\/\/municipalidadpucon.cl\/index.php?rest_route=\/wp\/v2\/users\/1"}],"replies":[{"embeddable":true,"href":"https:\/\/municipalidadpucon.cl\/index.php?rest_route=%2Fwp%2Fv2%2Fcomments&post=28826"}],"version-history":[{"count":1,"href":"https:\/\/municipalidadpucon.cl\/index.php?rest_route=\/wp\/v2\/pages\/28826\/revisions"}],"predecessor-version":[{"id":28827,"href":"https:\/\/municipalidadpucon.cl\/index.php?rest_route=\/wp\/v2\/pages\/28826\/revisions\/28827"}],"wp:attachment":[{"href":"https:\/\/municipalidadpucon.cl\/index.php?rest_route=%2Fwp%2Fv2%2Fmedia&parent=28826"}],"curies":[{"name":"wp","href":"https:\/\/api.w.org\/{rel}","templated":true}]}}

<div class="fusion-fullwidth fullwidth-box fusion-builder-row-1 fusion-flex-container nonhundred-percent-fullwidth non-hundred-percent-height-scrolling" style="--awb-border-radius-top-left:0px;--awb-border-radius-top-right:0px;--awb-border-radius-bottom-right:0px;--awb-border-radius-bottom-left:0px;--awb-flex-wrap:wrap;" ><div class="fusion-builder-row fusion-row fusion-flex-align-items-flex-start fusion-flex-content-wrap" style="max-width:1352px;margin-left: calc(-4% / 2 );margin-right: calc(-4% / 2 );"><div class="fusion-layout-column fusion_builder_column fusion-builder-column-0 fusion_builder_column_1_1 1_1 fusion-flex-column" style="--awb-bg-size:cover;--awb-width-large:100%;--awb-margin-top-large:0px;--awb-spacing-right-large:1.92%;--awb-margin-bottom-large:20px;--awb-spacing-left-large:1.92%;--awb-width-medium:100%;--awb-order-medium:0;--awb-spacing-right-medium:1.92%;--awb-spacing-left-medium:1.92%;--awb-width-small:100%;--awb-order-small:0;--awb-spacing-right-small:1.92%;--awb-spacing-left-small:1.92%;"><div class="fusion-column-wrapper fusion-column-has-shadow fusion-flex-justify-content-flex-start fusion-content-layout-column"><div class="fusion-text fusion-text-1"><h5><span style="color: #3366ff;">5.- PROGRAMA DE SALUD DEL ADULTO MAYOR</span></h5>
<p>Este programa está enfocado a todas las personas, hombres y mujeres, de 65 o más años de edad.</p>
<p><strong>OBJETIVOS</strong></p>
<ul>
<li>Mejorar o recuperar la autonomía de los Adultos Mayores.</li>
<li>En consideración a la alta prevalencia de enfermedades crónicas o de secuelas, el propósito de los cuidados de salud es evitar que ellas se conviertan en factores limitantes en el desarrollo de las actividades de la vida cotidiana.</li>
<li>Disminuir la mortalidad por causas prevenibles o evitables.</li>
<li>Incentivar acciones en las áreas de promoción, prevención y atención curativa y rehabilitación específica en la perspectiva de un envejecimiento activo.</li>
</ul>
<p><strong>PRESTACIONES</strong></p>
<p><strong>Examen médico preventivo del adulto mayor</strong> <strong>(EMPAM)</strong></p>
<p>El indicador que mejor nos entrega una visión del estado de salud del adulto mayor es la funcionalidad. El Examen Anual de Medicina Preventiva del Adulto Mayor, hace de este indicador su nudo central. A través de la medición de funcionalidad, se detectan los factores de riesgo, los que deben ser incorporados en el Plan de Salud, para actuar sobre ellos.</p>
<p>Los objetivos del examen son:</p>
<ul>
<li>Evaluar la salud integral y la funcionalidad del adulto mayor</li>
<li>Identificar y controlar los factores de riesgo de pérdida de la funcionalidad</li>
<li>Elaborar un plan de atención y seguimiento, para ser ejecutado por el equipo de salud</li>
</ul>
<p><strong>Otras atenciones:</strong></p>
<ul>
<li>Control con enfermera</li>
<li>Consulta nutricional</li>
<li>Educación grupal</li>
<li>Visita domiciliaria: Se realiza en aquellos casos que un profesional de la salud lo considere oportuno por situaciones como, pacientes postrados y visitas de índole social, principalmente.</li>
<li>Consulta Social</li>
<li>Programa de Vacunación Anti influenza.</li>
<li>Programa de Alimentación Complementaria para Adultos Mayores.</li>
<li>Ayudas técnicas para mejorar su funcionalidad, como sillas de rueda, burritos, bastones, colchones y cojines antiescaras.</li>
</ul>
<p><strong>¿CÓMO ACCEDER?</strong></p>
<p><strong> </strong>Solicite su hora en mesón para realizar examen médico preventivo del adulto mayor (EMPAM)</p>
<p>En caso de requerir vacuna (anti influenza y neumocócica) acercarse a Vacunatorio.</p>
</div></div></div></div></div>
