{"id":28829,"date":"2020-08-05T11:19:43","date_gmt":"2020-08-05T14:19:43","guid":{"rendered":"https:\/\/municipalidadpucon.cl\/?page_id=28829"},"modified":"2020-08-05T11:19:43","modified_gmt":"2020-08-05T14:19:43","slug":"programa-de-salud-mental","status":"publish","type":"page","link":"https:\/\/municipalidadpucon.cl\/?page_id=28829","title":{"rendered":"Programa de Salud Mental"},"content":{"rendered":"<div class=\"fusion-fullwidth fullwidth-box fusion-builder-row-1 fusion-flex-container nonhundred-percent-fullwidth non-hundred-percent-height-scrolling\" style=\"--awb-border-radius-top-left:0px;--awb-border-radius-top-right:0px;--awb-border-radius-bottom-right:0px;--awb-border-radius-bottom-left:0px;--awb-flex-wrap:wrap;\" ><div class=\"fusion-builder-row fusion-row fusion-flex-align-items-flex-start fusion-flex-content-wrap\" style=\"max-width:1352px;margin-left: calc(-4% \/ 2 );margin-right: calc(-4% \/ 2 );\"><div class=\"fusion-layout-column fusion_builder_column fusion-builder-column-0 fusion_builder_column_1_1 1_1 fusion-flex-column\" style=\"--awb-bg-size:cover;--awb-width-large:100%;--awb-margin-top-large:0px;--awb-spacing-right-large:1.92%;--awb-margin-bottom-large:20px;--awb-spacing-left-large:1.92%;--awb-width-medium:100%;--awb-order-medium:0;--awb-spacing-right-medium:1.92%;--awb-spacing-left-medium:1.92%;--awb-width-small:100%;--awb-order-small:0;--awb-spacing-right-small:1.92%;--awb-spacing-left-small:1.92%;\"><div class=\"fusion-column-wrapper fusion-column-has-shadow fusion-flex-justify-content-flex-start fusion-content-layout-column\"><div class=\"fusion-text fusion-text-1\"><h5><span style=\"color: #3366ff;\">6.- PROGRAMA DE SALUD MENTAL<\/span><\/h5>\n<p><strong>OBJETIVO GENERAL<\/strong><\/p>\n<p>Pesquisar y realizar primera intervenci\u00f3n en problemas de salud mental desde la perspectiva de Salud Familiar.<\/p>\n<p><strong>OBJETIVOS ESPEC\u00cdFICOS<\/strong><\/p>\n<ul>\n<li>Responder a las necesidades de promoci\u00f3n y prevenci\u00f3n de la salud mental de los usuarios.<\/li>\n<li>Entregar atenci\u00f3n oportuna y de calidad a las personas afectadas por problemas de salud mental.<\/li>\n<li>Derivar a centros especializados de mayor complejidad.<\/li>\n<li>Implementar intervenciones comunitarias con el intersector, tales como jardines infantiles, colegios, tribunales de familia, juntas de vecinos, centros de madres, clubes de la tercera edad, entre otros.<\/li>\n<\/ul>\n<p><strong>PRESTACIONES:<\/strong><\/p>\n<ul>\n<li>Atenci\u00f3n Individual.<\/li>\n<li>Intervenciones Grupales a ni\u00f1os, adolescentes, adultos y adultos mayores.<\/li>\n<li>Psicoeducaci\u00f3n.<\/li>\n<li>Visita domiciliaria.<\/li>\n<li>Coordinaci\u00f3n Intersectorial.<\/li>\n<li>Intervenciones en la comunidad.<\/li>\n<\/ul>\n<p><strong>\u00c1reas Prioritarias<\/strong><\/p>\n<ul>\n<li>Salud mental de ni\u00f1os y adolescentes<\/li>\n<li>Salud Mental de adultos<\/li>\n<li>Salud mental de adultos mayores.<\/li>\n<\/ul>\n<p><strong>\u00bfC\u00d3MO ACCEDER?<\/strong><\/p>\n<p>Solicitar su hora en mes\u00f3n de SOME de su respectivo sector para psic\u00f3logo o m\u00e9dico en caso de presentar alg\u00fan s\u00edntoma o problema que requiera apoyo emocional.<\/p>\n<\/div><\/div><\/div><\/div><\/div>\n","protected":false},"excerpt":{"rendered":"","protected":false},"author":1,"featured_media":0,"parent":0,"menu_order":0,"comment_status":"closed","ping_status":"closed","template":"","meta":[],"_links":{"self":[{"href":"https:\/\/municipalidadpucon.cl\/index.php?rest_route=\/wp\/v2\/pages\/28829"}],"collection":[{"href":"https:\/\/municipalidadpucon.cl\/index.php?rest_route=\/wp\/v2\/pages"}],"about":[{"href":"https:\/\/municipalidadpucon.cl\/index.php?rest_route=\/wp\/v2\/types\/page"}],"author":[{"embeddable":true,"href":"https:\/\/municipalidadpucon.cl\/index.php?rest_route=\/wp\/v2\/users\/1"}],"replies":[{"embeddable":true,"href":"https:\/\/municipalidadpucon.cl\/index.php?rest_route=%2Fwp%2Fv2%2Fcomments&post=28829"}],"version-history":[{"count":1,"href":"https:\/\/municipalidadpucon.cl\/index.php?rest_route=\/wp\/v2\/pages\/28829\/revisions"}],"predecessor-version":[{"id":28830,"href":"https:\/\/municipalidadpucon.cl\/index.php?rest_route=\/wp\/v2\/pages\/28829\/revisions\/28830"}],"wp:attachment":[{"href":"https:\/\/municipalidadpucon.cl\/index.php?rest_route=%2Fwp%2Fv2%2Fmedia&parent=28829"}],"curies":[{"name":"wp","href":"https:\/\/api.w.org\/{rel}","templated":true}]}}

<div class="fusion-fullwidth fullwidth-box fusion-builder-row-1 fusion-flex-container nonhundred-percent-fullwidth non-hundred-percent-height-scrolling" style="--awb-border-radius-top-left:0px;--awb-border-radius-top-right:0px;--awb-border-radius-bottom-right:0px;--awb-border-radius-bottom-left:0px;--awb-flex-wrap:wrap;" ><div class="fusion-builder-row fusion-row fusion-flex-align-items-flex-start fusion-flex-content-wrap" style="max-width:1352px;margin-left: calc(-4% / 2 );margin-right: calc(-4% / 2 );"><div class="fusion-layout-column fusion_builder_column fusion-builder-column-0 fusion_builder_column_1_1 1_1 fusion-flex-column" style="--awb-bg-size:cover;--awb-width-large:100%;--awb-margin-top-large:0px;--awb-spacing-right-large:1.92%;--awb-margin-bottom-large:20px;--awb-spacing-left-large:1.92%;--awb-width-medium:100%;--awb-order-medium:0;--awb-spacing-right-medium:1.92%;--awb-spacing-left-medium:1.92%;--awb-width-small:100%;--awb-order-small:0;--awb-spacing-right-small:1.92%;--awb-spacing-left-small:1.92%;"><div class="fusion-column-wrapper fusion-column-has-shadow fusion-flex-justify-content-flex-start fusion-content-layout-column"><div class="fusion-text fusion-text-1"><h5><span style="color: #3366ff;">6.- PROGRAMA DE SALUD MENTAL</span></h5>
<p><strong>OBJETIVO GENERAL</strong></p>
<p>Pesquisar y realizar primera intervención en problemas de salud mental desde la perspectiva de Salud Familiar.</p>
<p><strong>OBJETIVOS ESPECÍFICOS</strong></p>
<ul>
<li>Responder a las necesidades de promoción y prevención de la salud mental de los usuarios.</li>
<li>Entregar atención oportuna y de calidad a las personas afectadas por problemas de salud mental.</li>
<li>Derivar a centros especializados de mayor complejidad.</li>
<li>Implementar intervenciones comunitarias con el intersector, tales como jardines infantiles, colegios, tribunales de familia, juntas de vecinos, centros de madres, clubes de la tercera edad, entre otros.</li>
</ul>
<p><strong>PRESTACIONES:</strong></p>
<ul>
<li>Atención Individual.</li>
<li>Intervenciones Grupales a niños, adolescentes, adultos y adultos mayores.</li>
<li>Psicoeducación.</li>
<li>Visita domiciliaria.</li>
<li>Coordinación Intersectorial.</li>
<li>Intervenciones en la comunidad.</li>
</ul>
<p><strong>Áreas Prioritarias</strong></p>
<ul>
<li>Salud mental de niños y adolescentes</li>
<li>Salud Mental de adultos</li>
<li>Salud mental de adultos mayores.</li>
</ul>
<p><strong>¿CÓMO ACCEDER?</strong></p>
<p>Solicitar su hora en mesón de SOME de su respectivo sector para psicólogo o médico en caso de presentar algún síntoma o problema que requiera apoyo emocional.</p>
</div></div></div></div></div>
