{"id":28845,"date":"2020-08-05T11:54:09","date_gmt":"2020-08-05T14:54:09","guid":{"rendered":"https:\/\/municipalidadpucon.cl\/?page_id=28845"},"modified":"2020-08-05T12:02:00","modified_gmt":"2020-08-05T15:02:00","slug":"programa-enfermedades-respiratorias-del-adulto-era","status":"publish","type":"page","link":"https:\/\/municipalidadpucon.cl\/?page_id=28845","title":{"rendered":"Programa Enfermedades Respiratorias del Adulto (ERA)"},"content":{"rendered":"<div class=\"fusion-fullwidth fullwidth-box fusion-builder-row-1 fusion-flex-container nonhundred-percent-fullwidth non-hundred-percent-height-scrolling\" style=\"--awb-border-radius-top-left:0px;--awb-border-radius-top-right:0px;--awb-border-radius-bottom-right:0px;--awb-border-radius-bottom-left:0px;--awb-flex-wrap:wrap;\" ><div class=\"fusion-builder-row fusion-row fusion-flex-align-items-flex-start fusion-flex-content-wrap\" style=\"max-width:1352px;margin-left: calc(-4% \/ 2 );margin-right: calc(-4% \/ 2 );\"><div class=\"fusion-layout-column fusion_builder_column fusion-builder-column-0 fusion_builder_column_1_1 1_1 fusion-flex-column\" style=\"--awb-bg-size:cover;--awb-width-large:100%;--awb-margin-top-large:0px;--awb-spacing-right-large:1.92%;--awb-margin-bottom-large:20px;--awb-spacing-left-large:1.92%;--awb-width-medium:100%;--awb-order-medium:0;--awb-spacing-right-medium:1.92%;--awb-spacing-left-medium:1.92%;--awb-width-small:100%;--awb-order-small:0;--awb-spacing-right-small:1.92%;--awb-spacing-left-small:1.92%;\"><div class=\"fusion-column-wrapper fusion-column-has-shadow fusion-flex-justify-content-flex-start fusion-content-layout-column\"><div class=\"fusion-text fusion-text-1\"><h5><span style=\"color: #3366ff;\">12.- PROGRAMA ENFERMEDADES RESPIRATORIAS DEL ADULTO (ERA)<\/span><\/h5>\n<p>El Programa\u00a0 realiza actividades de promoci\u00f3n, prevenci\u00f3n, pesquisa precoz, diagn\u00f3stico, tratamiento y rehabilitaci\u00f3n de los usuarios con enfermedades respiratorias agudas y cr\u00f3nicas de la poblaci\u00f3n a cargo, bajo el modelo de atenci\u00f3n integral y enfoque familiar<\/p>\n<p><strong><em>OBJETIVO GENERAL<\/em><\/strong><\/p>\n<p>Otorgar\u00a0 una atenci\u00f3n oportuna, humanizada\u00a0 y de calidad\u00a0 centrada en el usuario con patolog\u00eda respiratoria aguda y cr\u00f3nica durante su ciclo vital.<\/p>\n<p><strong><em>OBJETIVOS ESPEC\u00cdFICOS<\/em><\/strong><\/p>\n<ul>\n<li>Contribuir a la reducci\u00f3n de la morbimortalidad de las ERA agudas y cr\u00f3nicas.<\/li>\n<li>Aportar a reducir la morbimortalidad asociada a las enfermedades cardiovasculares, disminuyendo el riesgo CV, por manifestaciones extra pulmonares.<\/li>\n<li>Mejorar capacidad resolutiva a nivel primario con el fin de aumentar el nivel de satisfacci\u00f3n usuaria de los Servicios de Salud.<\/li>\n<li>Desarrollar estrategias para promoci\u00f3n de la salud y la prevenci\u00f3n de enfermedades respiratorias agudas y cr\u00f3nicas.<\/li>\n<li>Aumentar la sobrevida y mejorar calidad de vida de pacientes\u00a0 EPOC con insuficiencia respiratoria cr\u00f3nica a trav\u00e9s del POA<\/li>\n<\/ul>\n<p><strong><em>PRESTACIONES<\/em><\/strong><\/p>\n<ul>\n<li>Ingreso y control paciente patolog\u00eda aguda\u00a0 -ERA(NAC &gt; 65 a\u00f1os\/ exacerbaciones patolog\u00edas agudas)<\/li>\n<li>Control pacientes patolog\u00edas cr\u00f3nicas(Ingreso, entrega de carn\u00e9 cr\u00f3nico, confecci\u00f3n tarjet\u00f3n cr\u00f3nico,educaci\u00f3n,consejer\u00eda,etc)<\/li>\n<li>Flujometr\u00edas.<\/li>\n<li>Espirometr\u00edas.<\/li>\n<li>Rehabilitaci\u00f3n Pulmonar.(Test de marcha, Pimometr\u00edas.)<\/li>\n<li>Toma de BK.<\/li>\n<li>Visita domiciliaria pacientes POA.<\/li>\n<li>Visita domiciliaria pacientes inasistentes, autovalente con riesgo o con riesgo de Dependencia.<\/li>\n<li>Participar en planificaci\u00f3n y coordinaci\u00f3n Campa\u00f1a de Invierno.<\/li>\n<li>Pesquisar,priorizar,seleccionar a pacientes para la realizaci\u00f3n de<\/li>\n<li>EMPAM tanto en su primer examen como en sus controles de acuerdo a su nivel de funcionalidad.<\/li>\n<\/ul>\n<p><strong>\u00bfC\u00d3MO ACCEDER?<\/strong><\/p>\n<ul>\n<li><strong>Acercarse a mes\u00f3n de Some para solicitar hora con m\u00e9dico para ingreso a programa ERA<\/strong><\/li>\n<li>Cualquier duda o consulta acercarse a box del programa ERA<\/li>\n<\/ul>\n<\/div><\/div><\/div><\/div><\/div>\n","protected":false},"excerpt":{"rendered":"","protected":false},"author":1,"featured_media":0,"parent":0,"menu_order":0,"comment_status":"closed","ping_status":"closed","template":"","meta":[],"_links":{"self":[{"href":"https:\/\/municipalidadpucon.cl\/index.php?rest_route=\/wp\/v2\/pages\/28845"}],"collection":[{"href":"https:\/\/municipalidadpucon.cl\/index.php?rest_route=\/wp\/v2\/pages"}],"about":[{"href":"https:\/\/municipalidadpucon.cl\/index.php?rest_route=\/wp\/v2\/types\/page"}],"author":[{"embeddable":true,"href":"https:\/\/municipalidadpucon.cl\/index.php?rest_route=\/wp\/v2\/users\/1"}],"replies":[{"embeddable":true,"href":"https:\/\/municipalidadpucon.cl\/index.php?rest_route=%2Fwp%2Fv2%2Fcomments&post=28845"}],"version-history":[{"count":2,"href":"https:\/\/municipalidadpucon.cl\/index.php?rest_route=\/wp\/v2\/pages\/28845\/revisions"}],"predecessor-version":[{"id":28847,"href":"https:\/\/municipalidadpucon.cl\/index.php?rest_route=\/wp\/v2\/pages\/28845\/revisions\/28847"}],"wp:attachment":[{"href":"https:\/\/municipalidadpucon.cl\/index.php?rest_route=%2Fwp%2Fv2%2Fmedia&parent=28845"}],"curies":[{"name":"wp","href":"https:\/\/api.w.org\/{rel}","templated":true}]}}

<div class="fusion-fullwidth fullwidth-box fusion-builder-row-1 fusion-flex-container nonhundred-percent-fullwidth non-hundred-percent-height-scrolling" style="--awb-border-radius-top-left:0px;--awb-border-radius-top-right:0px;--awb-border-radius-bottom-right:0px;--awb-border-radius-bottom-left:0px;--awb-flex-wrap:wrap;" ><div class="fusion-builder-row fusion-row fusion-flex-align-items-flex-start fusion-flex-content-wrap" style="max-width:1352px;margin-left: calc(-4% / 2 );margin-right: calc(-4% / 2 );"><div class="fusion-layout-column fusion_builder_column fusion-builder-column-0 fusion_builder_column_1_1 1_1 fusion-flex-column" style="--awb-bg-size:cover;--awb-width-large:100%;--awb-margin-top-large:0px;--awb-spacing-right-large:1.92%;--awb-margin-bottom-large:20px;--awb-spacing-left-large:1.92%;--awb-width-medium:100%;--awb-order-medium:0;--awb-spacing-right-medium:1.92%;--awb-spacing-left-medium:1.92%;--awb-width-small:100%;--awb-order-small:0;--awb-spacing-right-small:1.92%;--awb-spacing-left-small:1.92%;"><div class="fusion-column-wrapper fusion-column-has-shadow fusion-flex-justify-content-flex-start fusion-content-layout-column"><div class="fusion-text fusion-text-1"><h5><span style="color: #3366ff;">12.- PROGRAMA ENFERMEDADES RESPIRATORIAS DEL ADULTO (ERA)</span></h5>
<p>El Programa  realiza actividades de promoción, prevención, pesquisa precoz, diagnóstico, tratamiento y rehabilitación de los usuarios con enfermedades respiratorias agudas y crónicas de la población a cargo, bajo el modelo de atención integral y enfoque familiar</p>
<p><strong><em>OBJETIVO GENERAL</em></strong></p>
<p>Otorgar  una atención oportuna, humanizada  y de calidad  centrada en el usuario con patología respiratoria aguda y crónica durante su ciclo vital.</p>
<p><strong><em>OBJETIVOS ESPECÍFICOS</em></strong></p>
<ul>
<li>Contribuir a la reducción de la morbimortalidad de las ERA agudas y crónicas.</li>
<li>Aportar a reducir la morbimortalidad asociada a las enfermedades cardiovasculares, disminuyendo el riesgo CV, por manifestaciones extra pulmonares.</li>
<li>Mejorar capacidad resolutiva a nivel primario con el fin de aumentar el nivel de satisfacción usuaria de los Servicios de Salud.</li>
<li>Desarrollar estrategias para promoción de la salud y la prevención de enfermedades respiratorias agudas y crónicas.</li>
<li>Aumentar la sobrevida y mejorar calidad de vida de pacientes  EPOC con insuficiencia respiratoria crónica a través del POA</li>
</ul>
<p><strong><em>PRESTACIONES</em></strong></p>
<ul>
<li>Ingreso y control paciente patología aguda  -ERA(NAC &gt; 65 años/ exacerbaciones patologías agudas)</li>
<li>Control pacientes patologías crónicas(Ingreso, entrega de carné crónico, confección tarjetón crónico,educación,consejería,etc)</li>
<li>Flujometrías.</li>
<li>Espirometrías.</li>
<li>Rehabilitación Pulmonar.(Test de marcha, Pimometrías.)</li>
<li>Toma de BK.</li>
<li>Visita domiciliaria pacientes POA.</li>
<li>Visita domiciliaria pacientes inasistentes, autovalente con riesgo o con riesgo de Dependencia.</li>
<li>Participar en planificación y coordinación Campaña de Invierno.</li>
<li>Pesquisar,priorizar,seleccionar a pacientes para la realización de</li>
<li>EMPAM tanto en su primer examen como en sus controles de acuerdo a su nivel de funcionalidad.</li>
</ul>
<p><strong>¿CÓMO ACCEDER?</strong></p>
<ul>
<li><strong>Acercarse a mesón de Some para solicitar hora con médico para ingreso a programa ERA</strong></li>
<li>Cualquier duda o consulta acercarse a box del programa ERA</li>
</ul>
</div></div></div></div></div>
