{"id":44202,"date":"2022-12-16T09:27:17","date_gmt":"2022-12-16T12:27:17","guid":{"rendered":"https:\/\/municipalidadpucon.cl\/?page_id=44202"},"modified":"2022-12-28T15:47:01","modified_gmt":"2022-12-28T18:47:01","slug":"jpl-especies-abandonas-2","status":"publish","type":"page","link":"https:\/\/municipalidadpucon.cl\/?page_id=44202","title":{"rendered":"JPL especies abandonas"},"content":{"rendered":"<div class=\"fusion-fullwidth fullwidth-box fusion-builder-row-1 fusion-flex-container nonhundred-percent-fullwidth non-hundred-percent-height-scrolling\" style=\"--awb-border-radius-top-left:0px;--awb-border-radius-top-right:0px;--awb-border-radius-bottom-right:0px;--awb-border-radius-bottom-left:0px;--awb-flex-wrap:wrap;\" ><div class=\"fusion-builder-row fusion-row fusion-flex-align-items-flex-start fusion-flex-content-wrap\" style=\"max-width:1352px;margin-left: calc(-4% \/ 2 );margin-right: calc(-4% \/ 2 );\"><div class=\"fusion-layout-column fusion_builder_column fusion-builder-column-0 fusion_builder_column_1_1 1_1 fusion-flex-column\" style=\"--awb-bg-size:cover;--awb-width-large:100%;--awb-margin-top-large:0px;--awb-spacing-right-large:1.92%;--awb-margin-bottom-large:20px;--awb-spacing-left-large:1.92%;--awb-width-medium:100%;--awb-order-medium:0;--awb-spacing-right-medium:1.92%;--awb-spacing-left-medium:1.92%;--awb-width-small:100%;--awb-order-small:0;--awb-spacing-right-small:1.92%;--awb-spacing-left-small:1.92%;\"><div class=\"fusion-column-wrapper fusion-column-has-shadow fusion-flex-justify-content-flex-start fusion-content-layout-column\"><div class=\"accordian fusion-accordian\" style=\"--awb-border-size:1px;--awb-icon-size:16px;--awb-content-font-size:16px;--awb-icon-alignment:left;--awb-hover-color:#ffffff;--awb-border-color:#e2e2e2;--awb-background-color:#ffffff;--awb-divider-color:#e2e2e2;--awb-divider-hover-color:#e2e2e2;--awb-icon-color:#ffffff;--awb-title-color:#212934;--awb-content-color:#4a4e57;--awb-icon-box-color:#212934;--awb-toggle-hover-accent-color:#1a80b6;--awb-title-font-family:&quot;Zilla Slab&quot;;--awb-title-font-weight:400;--awb-title-font-style:normal;--awb-content-font-family:&quot;Open Sans&quot;;--awb-content-font-style:normal;--awb-content-font-weight:400;\"><div class=\"panel-group fusion-toggle-icon-boxed\" id=\"accordion-44202-1\"><div class=\"fusion-panel panel-default panel-9099119d7f9db0530 fusion-toggle-no-divider fusion-toggle-boxed-mode\" style=\"--awb-title-color:#212934;\"><div class=\"panel-heading\"><h4 class=\"panel-title toggle\" id=\"toggle_9099119d7f9db0530\"><a aria-expanded=\"false\" aria-controls=\"9099119d7f9db0530\" role=\"button\" data-toggle=\"collapse\" data-parent=\"#accordion-44202-1\" data-target=\"#9099119d7f9db0530\" href=\"#9099119d7f9db0530\"><span class=\"fusion-toggle-icon-wrapper\" aria-hidden=\"true\"><i class=\"fa-fusion-box active-icon awb-icon-minus\" aria-hidden=\"true\"><\/i><i class=\"fa-fusion-box inactive-icon awb-icon-plus\" aria-hidden=\"true\"><\/i><\/span><span class=\"fusion-toggle-heading\">Especies \/ Veh\u00edculos abandonados en la v\u00eda p\u00fablica a\u00f1o 2022<\/span><\/a><\/h4><\/div><div id=\"9099119d7f9db0530\" class=\"panel-collapse collapse \" aria-labelledby=\"toggle_9099119d7f9db0530\"><div class=\"panel-body toggle-content fusion-clearfix\">\n<p><strong><span style=\"font-size: 10pt;\">\u00a0 Listado especies\/veh\u00edculos abandonados en la v\u00eda p\u00fablica A\u00d1O 2022<\/span><\/strong><\/p>\n<table style=\"width: 100%;\" border=\"1\" width=\"100%\">\n<tbody>\n<tr>\n<td style=\"text-align: center;\"><span style=\"font-size: 10pt;\"><strong>Rol<\/strong><\/span><\/td>\n<td style=\"text-align: center;\"><span style=\"font-size: 10pt;\"><strong>Fecha ingreso<\/strong><\/span><\/td>\n<td style=\"text-align: center;\"><span style=\"font-size: 10pt;\"><strong>Tipo de especie<\/strong><\/span><\/td>\n<td style=\"text-align: center;\"><span style=\"font-size: 10pt;\"><strong>Observaciones<\/strong><\/span><\/td>\n<td style=\"text-align: center;\"><span style=\"font-size: 10pt;\"><strong>Fecha diligencia<\/strong><\/span><\/td>\n<td style=\"text-align: center;\"><span style=\"font-size: 10pt;\"><strong>Estado Proceso<\/strong><\/span><\/td>\n<\/tr>\n<tr>\n<td style=\"text-align: center;\"><span style=\"font-size: 10pt;\">5565-22<\/span><\/td>\n<td style=\"text-align: center;\"><span style=\"font-size: 10pt;\">23\/05\/2022<\/span><\/td>\n<td style=\"text-align: center;\"><span style=\"font-size: 10pt;\">80 carcasas de tel\u00e9fonos diferentes marcas2 monederos, sin marca<\/span><\/td>\n<td style=\"text-align: center;\"><span style=\"font-size: 10pt;\">Disposici\u00f3n Municipalidad, Of. 769<\/span><\/td>\n<td style=\"text-align: center;\"><span style=\"font-size: 10pt;\">28\/11\/2022<\/span><\/td>\n<td style=\"text-align: center;\"><span style=\"font-size: 10pt;\">Archivo<\/span><\/td>\n<\/tr>\n<tr>\n<td style=\"text-align: center;\"><span style=\"font-size: 10pt;\">6214-22<\/span><\/td>\n<td style=\"text-align: center;\"><span style=\"font-size: 10pt;\">25\/07\/2022<\/span><\/td>\n<td style=\"text-align: center;\"><span style=\"font-size: 10pt;\">Bicicleta, marca GHK<\/span><\/td>\n<td style=\"text-align: center;\"><span style=\"font-size: 10pt;\">Disposici\u00f3n Municipalidad, Of. 746<\/span><\/td>\n<td style=\"text-align: center;\"><span style=\"font-size: 10pt;\">11\/11\/2022<\/span><\/td>\n<td style=\"text-align: center;\"><span style=\"font-size: 10pt;\">Archivo<\/span><\/td>\n<\/tr>\n<tr>\n<td style=\"text-align: center;\"><span style=\"font-size: 10pt;\">6403-22<\/span><\/td>\n<td style=\"text-align: center;\"><span style=\"font-size: 10pt;\">10\/08\/2022<\/span><\/td>\n<td style=\"text-align: center;\"><span style=\"font-size: 10pt;\">Bicicleta, marcaTrek Silver<\/span><\/td>\n<td style=\"text-align: center;\"><span style=\"font-size: 10pt;\">Disposici\u00f3n Municipalidad, Of. 729<\/span><\/td>\n<td style=\"text-align: center;\"><span style=\"font-size: 10pt;\">07\/11\/2022<\/span><\/td>\n<td style=\"text-align: center;\"><span style=\"font-size: 10pt;\">Archivo<\/span><\/td>\n<\/tr>\n<tr>\n<td style=\"text-align: center;\"><span style=\"font-size: 10pt;\">6848-22<\/span><\/td>\n<td style=\"text-align: center;\"><span style=\"font-size: 10pt;\">20\/09\/2022<\/span><\/td>\n<td style=\"text-align: center;\"><span style=\"font-size: 10pt;\">Bicicleta, marca XTS<\/span><\/td>\n<td style=\"text-align: center;\"><span style=\"font-size: 10pt;\">Disposici\u00f3n Municipalidad, Of. 710<\/span><\/td>\n<td style=\"text-align: center;\"><span style=\"font-size: 10pt;\">02\/11\/2022<\/span><\/td>\n<td style=\"text-align: center;\"><span style=\"font-size: 10pt;\">Archivo<\/span><\/td>\n<\/tr>\n<tr>\n<td style=\"text-align: center;\"><span style=\"font-size: 10pt;\">7295-22<\/span><\/td>\n<td style=\"text-align: center;\"><span style=\"font-size: 10pt;\">21\/10\/2022<\/span><\/td>\n<td style=\"text-align: center;\"><span style=\"font-size: 10pt;\">Autom\u00f3vil, marca Nissan<\/span><\/td>\n<td style=\"text-align: center;\"><span style=\"font-size: 10pt;\">Disposici\u00f3n Municipalidad, Of.\u00a0 813<\/span><\/td>\n<td style=\"text-align: center;\"><span style=\"font-size: 10pt;\">28\/11\/2022<\/span><\/td>\n<td style=\"text-align: center;\"><span style=\"font-size: 10pt;\">Archivo<\/span><\/td>\n<\/tr>\n<tr>\n<td style=\"text-align: center;\"><span style=\"font-size: 10pt;\">8090-22<\/span><\/td>\n<td style=\"text-align: center;\"><span style=\"font-size: 10pt;\">26\/12\/2022<\/span><\/td>\n<td style=\"text-align: center;\"><span style=\"font-size: 10pt;\">Bicicleta, sin marca, modelo Monta\u00f1a<\/span><\/td>\n<td style=\"text-align: center;\"><span style=\"font-size: 10pt;\">Mantiene por 30 d\u00edas a disposici\u00f3n Jpl<\/span><\/td>\n<td style=\"text-align: center;\"><span style=\"font-size: 10pt;\">28\/12\/2022<\/span><\/td>\n<td style=\"text-align: center;\"><span style=\"font-size: 10pt;\">\u00a0<\/span><\/td>\n<\/tr>\n<\/tbody>\n<\/table>\n<\/div><\/div><\/div><\/div><\/div><\/div><\/div><\/div><\/div>\n","protected":false},"excerpt":{"rendered":"","protected":false},"author":1,"featured_media":0,"parent":0,"menu_order":0,"comment_status":"closed","ping_status":"closed","template":"","meta":[],"_links":{"self":[{"href":"https:\/\/municipalidadpucon.cl\/index.php?rest_route=\/wp\/v2\/pages\/44202"}],"collection":[{"href":"https:\/\/municipalidadpucon.cl\/index.php?rest_route=\/wp\/v2\/pages"}],"about":[{"href":"https:\/\/municipalidadpucon.cl\/index.php?rest_route=\/wp\/v2\/types\/page"}],"author":[{"embeddable":true,"href":"https:\/\/municipalidadpucon.cl\/index.php?rest_route=\/wp\/v2\/users\/1"}],"replies":[{"embeddable":true,"href":"https:\/\/municipalidadpucon.cl\/index.php?rest_route=%2Fwp%2Fv2%2Fcomments&post=44202"}],"version-history":[{"count":7,"href":"https:\/\/municipalidadpucon.cl\/index.php?rest_route=\/wp\/v2\/pages\/44202\/revisions"}],"predecessor-version":[{"id":44366,"href":"https:\/\/municipalidadpucon.cl\/index.php?rest_route=\/wp\/v2\/pages\/44202\/revisions\/44366"}],"wp:attachment":[{"href":"https:\/\/municipalidadpucon.cl\/index.php?rest_route=%2Fwp%2Fv2%2Fmedia&parent=44202"}],"curies":[{"name":"wp","href":"https:\/\/api.w.org\/{rel}","templated":true}]}}

<div class="fusion-fullwidth fullwidth-box fusion-builder-row-1 fusion-flex-container nonhundred-percent-fullwidth non-hundred-percent-height-scrolling" style="--awb-border-radius-top-left:0px;--awb-border-radius-top-right:0px;--awb-border-radius-bottom-right:0px;--awb-border-radius-bottom-left:0px;--awb-flex-wrap:wrap;" ><div class="fusion-builder-row fusion-row fusion-flex-align-items-flex-start fusion-flex-content-wrap" style="max-width:1352px;margin-left: calc(-4% / 2 );margin-right: calc(-4% / 2 );"><div class="fusion-layout-column fusion_builder_column fusion-builder-column-0 fusion_builder_column_1_1 1_1 fusion-flex-column" style="--awb-bg-size:cover;--awb-width-large:100%;--awb-margin-top-large:0px;--awb-spacing-right-large:1.92%;--awb-margin-bottom-large:20px;--awb-spacing-left-large:1.92%;--awb-width-medium:100%;--awb-order-medium:0;--awb-spacing-right-medium:1.92%;--awb-spacing-left-medium:1.92%;--awb-width-small:100%;--awb-order-small:0;--awb-spacing-right-small:1.92%;--awb-spacing-left-small:1.92%;"><div class="fusion-column-wrapper fusion-column-has-shadow fusion-flex-justify-content-flex-start fusion-content-layout-column"><div class="accordian fusion-accordian" style="--awb-border-size:1px;--awb-icon-size:16px;--awb-content-font-size:16px;--awb-icon-alignment:left;--awb-hover-color:#ffffff;--awb-border-color:#e2e2e2;--awb-background-color:#ffffff;--awb-divider-color:#e2e2e2;--awb-divider-hover-color:#e2e2e2;--awb-icon-color:#ffffff;--awb-title-color:#212934;--awb-content-color:#4a4e57;--awb-icon-box-color:#212934;--awb-toggle-hover-accent-color:#1a80b6;--awb-title-font-family:&quot;Zilla Slab&quot;;--awb-title-font-weight:400;--awb-title-font-style:normal;--awb-content-font-family:&quot;Open Sans&quot;;--awb-content-font-style:normal;--awb-content-font-weight:400;"><div class="panel-group fusion-toggle-icon-boxed" id="accordion-44202-1"><div class="fusion-panel panel-default panel-9099119d7f9db0530 fusion-toggle-no-divider fusion-toggle-boxed-mode" style="--awb-title-color:#212934;"><div class="panel-heading"><h4 class="panel-title toggle" id="toggle_9099119d7f9db0530"><a aria-expanded="false" aria-controls="9099119d7f9db0530" role="button" data-toggle="collapse" data-parent="#accordion-44202-1" data-target="#9099119d7f9db0530" href="#9099119d7f9db0530"><span class="fusion-toggle-icon-wrapper" aria-hidden="true"><i class="fa-fusion-box active-icon awb-icon-minus" aria-hidden="true"></i><i class="fa-fusion-box inactive-icon awb-icon-plus" aria-hidden="true"></i></span><span class="fusion-toggle-heading">Especies / Vehículos abandonados en la vía pública año 2022</span></a></h4></div><div id="9099119d7f9db0530" class="panel-collapse collapse " aria-labelledby="toggle_9099119d7f9db0530"><div class="panel-body toggle-content fusion-clearfix">
<p><strong><span style="font-size: 10pt;">  Listado especies/vehículos abandonados en la vía pública AÑO 2022</span></strong></p>
<table style="width: 100%;" border="1" width="100%">
<tbody>
<tr>
<td style="text-align: center;"><span style="font-size: 10pt;"><strong>Rol</strong></span></td>
<td style="text-align: center;"><span style="font-size: 10pt;"><strong>Fecha ingreso</strong></span></td>
<td style="text-align: center;"><span style="font-size: 10pt;"><strong>Tipo de especie</strong></span></td>
<td style="text-align: center;"><span style="font-size: 10pt;"><strong>Observaciones</strong></span></td>
<td style="text-align: center;"><span style="font-size: 10pt;"><strong>Fecha diligencia</strong></span></td>
<td style="text-align: center;"><span style="font-size: 10pt;"><strong>Estado Proceso</strong></span></td>
</tr>
<tr>
<td style="text-align: center;"><span style="font-size: 10pt;">5565-22</span></td>
<td style="text-align: center;"><span style="font-size: 10pt;">23/05/2022</span></td>
<td style="text-align: center;"><span style="font-size: 10pt;">80 carcasas de teléfonos diferentes marcas2 monederos, sin marca</span></td>
<td style="text-align: center;"><span style="font-size: 10pt;">Disposición Municipalidad, Of. 769</span></td>
<td style="text-align: center;"><span style="font-size: 10pt;">28/11/2022</span></td>
<td style="text-align: center;"><span style="font-size: 10pt;">Archivo</span></td>
</tr>
<tr>
<td style="text-align: center;"><span style="font-size: 10pt;">6214-22</span></td>
<td style="text-align: center;"><span style="font-size: 10pt;">25/07/2022</span></td>
<td style="text-align: center;"><span style="font-size: 10pt;">Bicicleta, marca GHK</span></td>
<td style="text-align: center;"><span style="font-size: 10pt;">Disposición Municipalidad, Of. 746</span></td>
<td style="text-align: center;"><span style="font-size: 10pt;">11/11/2022</span></td>
<td style="text-align: center;"><span style="font-size: 10pt;">Archivo</span></td>
</tr>
<tr>
<td style="text-align: center;"><span style="font-size: 10pt;">6403-22</span></td>
<td style="text-align: center;"><span style="font-size: 10pt;">10/08/2022</span></td>
<td style="text-align: center;"><span style="font-size: 10pt;">Bicicleta, marcaTrek Silver</span></td>
<td style="text-align: center;"><span style="font-size: 10pt;">Disposición Municipalidad, Of. 729</span></td>
<td style="text-align: center;"><span style="font-size: 10pt;">07/11/2022</span></td>
<td style="text-align: center;"><span style="font-size: 10pt;">Archivo</span></td>
</tr>
<tr>
<td style="text-align: center;"><span style="font-size: 10pt;">6848-22</span></td>
<td style="text-align: center;"><span style="font-size: 10pt;">20/09/2022</span></td>
<td style="text-align: center;"><span style="font-size: 10pt;">Bicicleta, marca XTS</span></td>
<td style="text-align: center;"><span style="font-size: 10pt;">Disposición Municipalidad, Of. 710</span></td>
<td style="text-align: center;"><span style="font-size: 10pt;">02/11/2022</span></td>
<td style="text-align: center;"><span style="font-size: 10pt;">Archivo</span></td>
</tr>
<tr>
<td style="text-align: center;"><span style="font-size: 10pt;">7295-22</span></td>
<td style="text-align: center;"><span style="font-size: 10pt;">21/10/2022</span></td>
<td style="text-align: center;"><span style="font-size: 10pt;">Automóvil, marca Nissan</span></td>
<td style="text-align: center;"><span style="font-size: 10pt;">Disposición Municipalidad, Of.  813</span></td>
<td style="text-align: center;"><span style="font-size: 10pt;">28/11/2022</span></td>
<td style="text-align: center;"><span style="font-size: 10pt;">Archivo</span></td>
</tr>
<tr>
<td style="text-align: center;"><span style="font-size: 10pt;">8090-22</span></td>
<td style="text-align: center;"><span style="font-size: 10pt;">26/12/2022</span></td>
<td style="text-align: center;"><span style="font-size: 10pt;">Bicicleta, sin marca, modelo Montaña</span></td>
<td style="text-align: center;"><span style="font-size: 10pt;">Mantiene por 30 días a disposición Jpl</span></td>
<td style="text-align: center;"><span style="font-size: 10pt;">28/12/2022</span></td>
<td style="text-align: center;"><span style="font-size: 10pt;"> </span></td>
</tr>
</tbody>
</table>
</div></div></div></div></div></div></div></div></div>
