{"id":65,"date":"2020-03-04T12:00:26","date_gmt":"2020-03-04T15:00:26","guid":{"rendered":"https:\/\/municipalidadpucon.cl\/?page_id=65"},"modified":"2025-01-14T18:37:34","modified_gmt":"2025-01-14T21:37:34","slug":"alcalde","status":"publish","type":"page","link":"https:\/\/municipalidadpucon.cl\/?page_id=65","title":{"rendered":"Alcalde"},"content":{"rendered":"<div class=\"fusion-fullwidth fullwidth-box fusion-builder-row-1 has-pattern-background has-mask-background nonhundred-percent-fullwidth non-hundred-percent-height-scrolling\" style=\"--awb-border-radius-top-left:0px;--awb-border-radius-top-right:0px;--awb-border-radius-bottom-right:0px;--awb-border-radius-bottom-left:0px;--awb-flex-wrap:wrap;\" ><div class=\"fusion-builder-row fusion-row\"><div class=\"fusion-layout-column fusion_builder_column fusion-builder-column-0 fusion_builder_column_1_1 1_1 fusion-one-full fusion-column-first fusion-column-last\" style=\"--awb-bg-size:cover;\"><div class=\"fusion-column-wrapper fusion-column-has-shadow fusion-flex-column-wrapper-legacy\"><div class=\"fusion-person person fusion-person-center fusion-person-1 fusion-person-icon-top\" style=\"--awb-pic-style-color:#000000;--awb-pic-borderradius:0px;--awb-margin-top:0px;--awb-margin-right:0px;--awb-margin-bottom:0px;--awb-margin-left:0px;--awb-social-box-border-top:0px;--awb-social-box-border-right:0px;--awb-social-box-border-bottom:0px;--awb-social-box-border-left:0px;--awb-social-box-border-color:var(--awb-color3);--awb-social-box-border-color-hover:var(--awb-color4);--awb-social-box-colors-hover:rgba(242,243,245,0.8);--awb-social-icon-boxed-colors:#f2f3f5;--awb-social-icon-colors:#9ea0a4;--awb-social-icon-colors-hover:rgba(158,160,164,0.8);\"><div class=\"person-shortcode-image-wrapper\"><div class=\"person-image-container hover-type-none dropshadow\" style=\"border:5px solid #e2e2e2;-webkit-box-shadow: 3px 3px 7px rgba(0,0,0,0.3);box-shadow: 3px 3px 7px rgba(0,0,0,0.3);-webkit-border-radius:0px;-moz-border-radius:0px;border-radius:0px;\"><img decoding=\"async\" class=\"person-img img-responsive wp-image-52394\" width=\"250\" height=\"250\" src=\"https:\/\/municipalidadpucon.cl\/wp-content\/uploads\/2024\/12\/Sebastian_Diego_Alvarez_Ramirez-removebg-preview_2.png\" alt=\"Sebasti\u00e1n \u00c1lvarez Ram\u00edrez\" srcset=\"https:\/\/municipalidadpucon.cl\/wp-content\/uploads\/2024\/12\/Sebastian_Diego_Alvarez_Ramirez-removebg-preview_2-200x200.png 200w, https:\/\/municipalidadpucon.cl\/wp-content\/uploads\/2024\/12\/Sebastian_Diego_Alvarez_Ramirez-removebg-preview_2.png 250w\" sizes=\"(max-width: 800px) 100vw, 250px\" \/><\/div><\/div><div class=\"person-desc\"><div class=\"person-author\"><div class=\"person-author-wrapper\"><span class=\"person-name\">Sebasti\u00e1n \u00c1lvarez Ram\u00edrez<\/span><span class=\"person-title\">Alcalde<\/span><\/div><\/div><div class=\"person-content fusion-clearfix\"><\/div><\/div><\/div><div class=\"fusion-clearfix\"><\/div><\/div><\/div><\/div><\/div>\n","protected":false},"excerpt":{"rendered":"","protected":false},"author":1,"featured_media":0,"parent":0,"menu_order":0,"comment_status":"closed","ping_status":"closed","template":"","meta":[],"_links":{"self":[{"href":"https:\/\/municipalidadpucon.cl\/index.php?rest_route=\/wp\/v2\/pages\/65"}],"collection":[{"href":"https:\/\/municipalidadpucon.cl\/index.php?rest_route=\/wp\/v2\/pages"}],"about":[{"href":"https:\/\/municipalidadpucon.cl\/index.php?rest_route=\/wp\/v2\/types\/page"}],"author":[{"embeddable":true,"href":"https:\/\/municipalidadpucon.cl\/index.php?rest_route=\/wp\/v2\/users\/1"}],"replies":[{"embeddable":true,"href":"https:\/\/municipalidadpucon.cl\/index.php?rest_route=%2Fwp%2Fv2%2Fcomments&post=65"}],"version-history":[{"count":14,"href":"https:\/\/municipalidadpucon.cl\/index.php?rest_route=\/wp\/v2\/pages\/65\/revisions"}],"predecessor-version":[{"id":53609,"href":"https:\/\/municipalidadpucon.cl\/index.php?rest_route=\/wp\/v2\/pages\/65\/revisions\/53609"}],"wp:attachment":[{"href":"https:\/\/municipalidadpucon.cl\/index.php?rest_route=%2Fwp%2Fv2%2Fmedia&parent=65"}],"curies":[{"name":"wp","href":"https:\/\/api.w.org\/{rel}","templated":true}]}}

<div class="fusion-fullwidth fullwidth-box fusion-builder-row-1 has-pattern-background has-mask-background nonhundred-percent-fullwidth non-hundred-percent-height-scrolling" style="--awb-border-radius-top-left:0px;--awb-border-radius-top-right:0px;--awb-border-radius-bottom-right:0px;--awb-border-radius-bottom-left:0px;--awb-flex-wrap:wrap;" ><div class="fusion-builder-row fusion-row"><div class="fusion-layout-column fusion_builder_column fusion-builder-column-0 fusion_builder_column_1_1 1_1 fusion-one-full fusion-column-first fusion-column-last" style="--awb-bg-size:cover;"><div class="fusion-column-wrapper fusion-column-has-shadow fusion-flex-column-wrapper-legacy"><div class="fusion-person person fusion-person-center fusion-person-1 fusion-person-icon-top" style="--awb-pic-style-color:#000000;--awb-pic-borderradius:0px;--awb-margin-top:0px;--awb-margin-right:0px;--awb-margin-bottom:0px;--awb-margin-left:0px;--awb-social-box-border-top:0px;--awb-social-box-border-right:0px;--awb-social-box-border-bottom:0px;--awb-social-box-border-left:0px;--awb-social-box-border-color:var(--awb-color3);--awb-social-box-border-color-hover:var(--awb-color4);--awb-social-box-colors-hover:rgba(242,243,245,0.8);--awb-social-icon-boxed-colors:#f2f3f5;--awb-social-icon-colors:#9ea0a4;--awb-social-icon-colors-hover:rgba(158,160,164,0.8);"><div class="person-shortcode-image-wrapper"><div class="person-image-container hover-type-none dropshadow" style="border:5px solid #e2e2e2;-webkit-box-shadow: 3px 3px 7px rgba(0,0,0,0.3);box-shadow: 3px 3px 7px rgba(0,0,0,0.3);-webkit-border-radius:0px;-moz-border-radius:0px;border-radius:0px;"><img decoding="async" class="person-img img-responsive wp-image-52394" width="250" height="250" src="https://municipalidadpucon.cl/wp-content/uploads/2024/12/Sebastian_Diego_Alvarez_Ramirez-removebg-preview_2.png" alt="Sebastián Álvarez Ramírez" srcset="https://municipalidadpucon.cl/wp-content/uploads/2024/12/Sebastian_Diego_Alvarez_Ramirez-removebg-preview_2-200x200.png 200w, https://municipalidadpucon.cl/wp-content/uploads/2024/12/Sebastian_Diego_Alvarez_Ramirez-removebg-preview_2.png 250w" sizes="(max-width: 800px) 100vw, 250px" /></div></div><div class="person-desc"><div class="person-author"><div class="person-author-wrapper"><span class="person-name">Sebastián Álvarez Ramírez</span><span class="person-title">Alcalde</span></div></div><div class="person-content fusion-clearfix"></div></div></div><div class="fusion-clearfix"></div></div></div></div></div>
