{"id":95,"date":"2020-03-04T12:36:50","date_gmt":"2020-03-04T15:36:50","guid":{"rendered":"https:\/\/municipalidadpucon.cl\/?page_id=95"},"modified":"2024-12-26T11:12:24","modified_gmt":"2024-12-26T14:12:24","slug":"plan-regulador","status":"publish","type":"page","link":"https:\/\/municipalidadpucon.cl\/?page_id=95","title":{"rendered":"Plan Regulador"},"content":{"rendered":"<p><div class=\"fusion-fullwidth fullwidth-box fusion-builder-row-1 nonhundred-percent-fullwidth non-hundred-percent-height-scrolling\" style=\"--awb-border-radius-top-left:0px;--awb-border-radius-top-right:0px;--awb-border-radius-bottom-right:0px;--awb-border-radius-bottom-left:0px;--awb-flex-wrap:wrap;\" ><div class=\"fusion-builder-row fusion-row\"><div class=\"fusion-layout-column fusion_builder_column fusion-builder-column-0 fusion_builder_column_1_4 1_4 fusion-one-fourth fusion-column-first\" style=\"--awb-bg-size:cover;width:25%;width:calc(25% - ( ( 4% + 4% ) * 0.25 ) );margin-right: 4%;\"><div class=\"fusion-column-wrapper fusion-column-has-shadow fusion-flex-column-wrapper-legacy\"><div class=\"fusion-clearfix\"><\/div><\/div><\/div><div class=\"fusion-layout-column fusion_builder_column fusion-builder-column-1 fusion_builder_column_1_2 1_2 fusion-one-half\" style=\"--awb-bg-size:cover;width:50%;width:calc(50% - ( ( 4% + 4% ) * 0.5 ) );margin-right: 4%;\"><div class=\"fusion-column-wrapper fusion-column-has-shadow fusion-flex-column-wrapper-legacy\"><div class=\"fusion-text fusion-text-1\"><div class=\"wpb_text_column wpb_content_element \">\n<div class=\"wpb_wrapper\">\n<div class=\"wpb_text_column wpb_content_element \">\n<div class=\"wpb_wrapper\">\n<h4><span style=\"color: #3366ff;\">Plan Regulador<\/span><\/h4>\n<ul>\n<li><span style=\"font-size: 10pt;\"><a href=\"https:\/\/www.municipalidadpucon.cl\/oldweb\/web2010\/para%20descarga\/Plan%20regulador\/2016\/9115_PRC_PUCON_DO_06-05-1994.jpg\" target=\"_blank\" rel=\"noopener noreferrer\">Imagen Plan Regulador Puc\u00f3n<\/a><\/span><\/li>\n<li><span style=\"font-size: 10pt;\"><a href=\"https:\/\/www.municipalidadpucon.cl\/oldweb\/web2010\/para%20descarga\/Plan%20regulador\/2016\/DO_6_mayo_1994_PRC_Pucon.pdf\" target=\"_blank\" rel=\"noopener noreferrer\">Diario Oficial \u2013 Promulga Plan Regulador de Puc\u00f3n<\/a><\/span><\/li>\n<\/ul>\n<\/div>\n<\/div>\n<div class=\"wpb_text_column wpb_content_element \">\n<div class=\"wpb_wrapper\">\n<h4><span style=\"color: #3366ff;\">Actualizaci\u00f3n Plan Regulador<\/span><\/h4>\n<ul>\n<li><span style=\"font-size: 10pt;\"><a href=\"https:\/\/www.municipalidadpucon.cl\/oldweb\/web2010\/para%20descarga\/Plan%20regulador\/2019\/InformeSegundaEtapaActualizaci%C3%B3nPRC2019.pdf\">Informe Segunda Etapa Actualizaci\u00f3n PRC 2019<\/a><\/span><\/li>\n<li><span style=\"font-size: 10pt;\"><a href=\"https:\/\/www.municipalidadpucon.cl\/oldweb\/web2010\/para%20descarga\/Plan%20regulador\/2019\/Presentaci%C3%B3nSegundaEtapaActualizaci%C3%B3nPRC2019.pdf\">Presentaci\u00f3n Segunda Etapa Actualizaci\u00f3n PRC 2019<\/a><\/span><\/li>\n<\/ul>\n<\/div>\n<\/div>\n<div class=\"wpb_text_column wpb_content_element \">\n<div class=\"wpb_wrapper\">\n<h4><span style=\"color: #3366ff;\">Riesgo Volc\u00e1nico<\/span><\/h4>\n<ul>\n<li><span style=\"font-size: 10pt;\"><a href=\"https:\/\/www.municipalidadpucon.cl\/oldweb\/web2010\/para%20descarga\/Plan%20regulador\/2016\/mapa_riesgo_volcanico.pdf\" target=\"_blank\" rel=\"noopener noreferrer\">Mapa de Peligros del Volc\u00e1n Villarrica<\/a><\/span><\/li>\n<li><span style=\"font-size: 10pt;\"><a href=\"https:\/\/www.municipalidadpucon.cl\/oldweb\/web2010\/para%20descarga\/Plan%20regulador\/2019\/Resumen_Ejecutivo.pdf\" target=\"_blank\" rel=\"noopener noreferrer\">Estudio Construcci\u00f3n mitigaci\u00f3n riesgos volc\u00e1nicos y geol\u00f3gicos asociados, comuna de Villarrica, Pucon y Curarrehue, Regi\u00f3n de la Araucan\u00eda<\/a><\/span><\/li>\n<\/ul>\n<\/div>\n<\/div>\n<\/div>\n<\/div>\n<\/div><div class=\"fusion-clearfix\"><\/div><\/div><\/div><div class=\"fusion-layout-column fusion_builder_column fusion-builder-column-2 fusion_builder_column_1_4 1_4 fusion-one-fourth fusion-column-last\" style=\"--awb-bg-size:cover;width:25%;width:calc(25% - ( ( 4% + 4% ) * 0.25 ) );\"><div class=\"fusion-column-wrapper fusion-column-has-shadow fusion-flex-column-wrapper-legacy\"><div class=\"fusion-clearfix\"><\/div><\/div><\/div><\/div><\/div><\/p>\n","protected":false},"excerpt":{"rendered":"","protected":false},"author":1,"featured_media":0,"parent":0,"menu_order":0,"comment_status":"closed","ping_status":"closed","template":"","meta":[],"_links":{"self":[{"href":"https:\/\/municipalidadpucon.cl\/index.php?rest_route=\/wp\/v2\/pages\/95"}],"collection":[{"href":"https:\/\/municipalidadpucon.cl\/index.php?rest_route=\/wp\/v2\/pages"}],"about":[{"href":"https:\/\/municipalidadpucon.cl\/index.php?rest_route=\/wp\/v2\/types\/page"}],"author":[{"embeddable":true,"href":"https:\/\/municipalidadpucon.cl\/index.php?rest_route=\/wp\/v2\/users\/1"}],"replies":[{"embeddable":true,"href":"https:\/\/municipalidadpucon.cl\/index.php?rest_route=%2Fwp%2Fv2%2Fcomments&post=95"}],"version-history":[{"count":7,"href":"https:\/\/municipalidadpucon.cl\/index.php?rest_route=\/wp\/v2\/pages\/95\/revisions"}],"predecessor-version":[{"id":43015,"href":"https:\/\/municipalidadpucon.cl\/index.php?rest_route=\/wp\/v2\/pages\/95\/revisions\/43015"}],"wp:attachment":[{"href":"https:\/\/municipalidadpucon.cl\/index.php?rest_route=%2Fwp%2Fv2%2Fmedia&parent=95"}],"curies":[{"name":"wp","href":"https:\/\/api.w.org\/{rel}","templated":true}]}}

<p><div class="fusion-fullwidth fullwidth-box fusion-builder-row-1 nonhundred-percent-fullwidth non-hundred-percent-height-scrolling" style="--awb-border-radius-top-left:0px;--awb-border-radius-top-right:0px;--awb-border-radius-bottom-right:0px;--awb-border-radius-bottom-left:0px;--awb-flex-wrap:wrap;" ><div class="fusion-builder-row fusion-row"><div class="fusion-layout-column fusion_builder_column fusion-builder-column-0 fusion_builder_column_1_4 1_4 fusion-one-fourth fusion-column-first" style="--awb-bg-size:cover;width:25%;width:calc(25% - ( ( 4% + 4% ) * 0.25 ) );margin-right: 4%;"><div class="fusion-column-wrapper fusion-column-has-shadow fusion-flex-column-wrapper-legacy"><div class="fusion-clearfix"></div></div></div><div class="fusion-layout-column fusion_builder_column fusion-builder-column-1 fusion_builder_column_1_2 1_2 fusion-one-half" style="--awb-bg-size:cover;width:50%;width:calc(50% - ( ( 4% + 4% ) * 0.5 ) );margin-right: 4%;"><div class="fusion-column-wrapper fusion-column-has-shadow fusion-flex-column-wrapper-legacy"><div class="fusion-text fusion-text-1"><div class="wpb_text_column wpb_content_element ">
<div class="wpb_wrapper">
<div class="wpb_text_column wpb_content_element ">
<div class="wpb_wrapper">
<h4><span style="color: #3366ff;">Plan Regulador</span></h4>
<ul>
<li><span style="font-size: 10pt;"><a href="https://www.municipalidadpucon.cl/oldweb/web2010/para%20descarga/Plan%20regulador/2016/9115_PRC_PUCON_DO_06-05-1994.jpg" target="_blank" rel="noopener noreferrer">Imagen Plan Regulador Pucón</a></span></li>
<li><span style="font-size: 10pt;"><a href="https://www.municipalidadpucon.cl/oldweb/web2010/para%20descarga/Plan%20regulador/2016/DO_6_mayo_1994_PRC_Pucon.pdf" target="_blank" rel="noopener noreferrer">Diario Oficial – Promulga Plan Regulador de Pucón</a></span></li>
</ul>
</div>
</div>
<div class="wpb_text_column wpb_content_element ">
<div class="wpb_wrapper">
<h4><span style="color: #3366ff;">Actualización Plan Regulador</span></h4>
<ul>
<li><span style="font-size: 10pt;"><a href="https://www.municipalidadpucon.cl/oldweb/web2010/para%20descarga/Plan%20regulador/2019/InformeSegundaEtapaActualizaci%C3%B3nPRC2019.pdf">Informe Segunda Etapa Actualización PRC 2019</a></span></li>
<li><span style="font-size: 10pt;"><a href="https://www.municipalidadpucon.cl/oldweb/web2010/para%20descarga/Plan%20regulador/2019/Presentaci%C3%B3nSegundaEtapaActualizaci%C3%B3nPRC2019.pdf">Presentación Segunda Etapa Actualización PRC 2019</a></span></li>
</ul>
</div>
</div>
<div class="wpb_text_column wpb_content_element ">
<div class="wpb_wrapper">
<h4><span style="color: #3366ff;">Riesgo Volcánico</span></h4>
<ul>
<li><span style="font-size: 10pt;"><a href="https://www.municipalidadpucon.cl/oldweb/web2010/para%20descarga/Plan%20regulador/2016/mapa_riesgo_volcanico.pdf" target="_blank" rel="noopener noreferrer">Mapa de Peligros del Volcán Villarrica</a></span></li>
<li><span style="font-size: 10pt;"><a href="https://www.municipalidadpucon.cl/oldweb/web2010/para%20descarga/Plan%20regulador/2019/Resumen_Ejecutivo.pdf" target="_blank" rel="noopener noreferrer">Estudio Construcción mitigación riesgos volcánicos y geológicos asociados, comuna de Villarrica, Pucon y Curarrehue, Región de la Araucanía</a></span></li>
</ul>
</div>
</div>
</div>
</div>
</div><div class="fusion-clearfix"></div></div></div><div class="fusion-layout-column fusion_builder_column fusion-builder-column-2 fusion_builder_column_1_4 1_4 fusion-one-fourth fusion-column-last" style="--awb-bg-size:cover;width:25%;width:calc(25% - ( ( 4% + 4% ) * 0.25 ) );"><div class="fusion-column-wrapper fusion-column-has-shadow fusion-flex-column-wrapper-legacy"><div class="fusion-clearfix"></div></div></div></div></div></p>
